be o(h). Suppose -i - 3*l = 2*l - 19, x*i + 5*l - 38 = 0. What are the prime factors of i?
19
What are the prime factors of (-2)/(-8) - 591/(-4)?
2, 37
Let u be (0/(-1))/((-1)/1). Let s(x) = x**3 - x**2 - x + 6. Let n be s(u). Suppose -g - 2*g = -n. List the prime factors of g.
2
Suppose l + 2 - 5 = 0. Suppose -3*q + 2*g - 54 = 0, 2*q + l*q + g = -90. List the prime factors of (-176)/q - 4/(-18).
2, 5
Suppose -47 - 43 = -3*d. Suppose -2*a + 4 = 0, 2*a + d = 5*f + 7*a. Suppose -4*o - 5*g + g = -88, 0 = -5*o + f*g + 65. List the prime factors of o.
17
Suppose -3*h - 66 = -6*h. Let r = -13 + h. List the prime factors of r.
3
Let k = -494 - -720. List the prime factors of k.
2, 113
Let t be 6/(-2)*(-6)/18. List the prime factors of (17 - 0) + t/(-1).
2
Let g(m) = m**2 - 6*m + 3. Suppose 4*p - 8 = 16. Let x be g(p). Suppose 0*s + r = -s, r = -x. List the prime factors of s.
3
Suppose 0 = -9*y + 321 + 120. What are the prime factors of y?
7
Suppose 6*s - 89 = 475. List the prime factors of s.
2, 47
List the prime factors of (-1)/(-5) + (-1279)/(-5).
2
Suppose 0 = 3*z - 9, 5*x + 0*z - 535 = -5*z. List the prime factors of x.
2, 13
List the prime factors of (-30)/9*(-24)/10.
2
Suppose -2*g - 3*g - 31 = 4*m, -5*m + 4*g - 90 = 0. List the prime factors of (-4)/(-6) - m/6.
3
Suppose 0 = 2*h - 0*h - 14. Suppose -3*f + 2*x + 107 = 0, -6*x + h*x + 1 = 0. What are the prime factors of f?
5, 7
Let p(z) = -5*z - 27. List the prime factors of p(-22).
83
Suppose -4*s + 148 = -80. List the prime factors of s.
3, 19
Suppose -3*a = -8*a + 140. What are the prime factors of a?
2, 7
Suppose -n + 3*n + 18 = 0. Suppose 0*z - 5*z = -105. Let c = z + n. List the prime factors of c.
2, 3
Suppose 3*a - 1 = -4. List the prime factors of 104/12 - a/3.
3
Let h(y) = 4*y**3. Let b be h(1). Suppose -33 - 7 = -b*c. Suppose -2*k - 3*k + c = 0, 2*k = 2*r. List the prime factors of r.
2
Let x(i) = 2*i**3 - 3*i**2 + i + 2. Let v be x(2). Suppose 4*h - v = 3*h. What are the prime factors of h?
2
Let r be ((-8)/3)/(8/36). Let w be 22/8 + (-3)/r. Suppose -w*h - 3 = -4*h. What are the prime factors of h?
3
Suppose 0 = -s - 2*s - 12. Let x be (2/5)/(s/(-40)). Suppose z = -2*l, x*l = -2*z + z - 6. What are the prime factors of z?
2, 3
Let a be (-16)/24*(0 + -36). Let t = 59 - a. List the prime factors of t.
5, 7
Suppose 10 = -0*o + 2*o - f, 2*f = -o. List the prime factors of ((-18)/o)/(3/(-12)).
2, 3
Let v(q) = 2*q**2 + 10*q - 10. Let d be v(7). Suppose 5*g - d = -58. What are the prime factors of g?
2, 5
Suppose 4*m + 2496 = 12*m. What are the prime factors of m?
2, 3, 13
Let d(m) = m**3 - 3*m**2 - 2*m - 3. Let u(p) = -p**2 + 6*p + 4. Let n be u(6). List the prime factors of d(n).
5
Suppose -5*p - 15 = 3*n - p, 4*p + 9 = 3*n. Let a = n + 4. What are the prime factors of a?
3
Let b(x) = -x - 3. Let o be b(-3). Suppose -3*k + 84 = -o*k. Let a = k - 16. What are the prime factors of a?
2, 3
Let m be 2/(-12) - (-19)/6. Suppose -2*n + 7*n + 55 = 5*p, -17 = -m*p - 5*n. List the prime factors of p/(-12) + (-33)/(-12).
2
Let n(q) = q**2 - 20*q - 7. What are the prime factors of n(21)?
2, 7
Let c = 9 + -12. List the prime factors of c/(3/(-16)) + -2.
2, 7
Suppose -11*n = -n - 180. List the prime factors of n.
2, 3
Suppose -3*u = -137 + 26. List the prime factors of u.
37
Let h be 267/21 + (-6)/(-21). Suppose -2*o + 1 = -h. List the prime factors of o.
7
Let l(i) = -i**3 + 9*i**2 - 10*i + 8. Let w be (2/6)/((-3)/(-63)). List the prime factors of l(w).
2, 3
Suppose -4*o = -4, -4*o + 1349 = 7*x - 2*x. List the prime factors of x.
269
Suppose -g + 4*g = 3. Let k = g - -16. List the prime factors of k.
17
Let a(v) = 10*v**2 + 2. Let b be a(-2). What are the prime factors of (b/(-49))/(1/(-35))?
2, 3, 5
Suppose -12 - 800 = -7*b. List the prime factors of b.
2, 29
Let y(h) = h + 3. Let i be (-20)/6 - 2/(-6). Let b be y(i). Suppose b = 6*q - q - 45. List the prime factors of q.
3
Suppose -3*s + s + 170 = 0. What are the prime factors of s?
5, 17
Let b = 6 - 6. Suppose 3*n + 27 = 2*f - b*n, 7 = f + 5*n. List the prime factors of f.
2, 3
Suppose 0 = 5*c - 5*q - 70, c + 1 = -3*q + 3. Let b = 31 - c. List the prime factors of b.
2, 5
List the prime factors of (-8)/3*-3 - 2.
2, 3
Let q = 3 - -43. List the prime factors of q.
2, 23
Suppose 0 = -7*u - 6*u + 3016. List the prime factors of u.
2, 29
Suppose -5*q + q - 2 = -3*y, 0 = q - 4. Suppose -4*v + 3*v = -4. Suppose -5*a = 4*i - 5*i + v, y = 3*a. List the prime factors of i.
2, 7
List the prime factors of -2 - 0 - 2 - 1038/(-6).
13
Let t(b) = b**3 + 7*b**2 + 4*b + 4. Let m be t(-4). Suppose m = q + 2*q. What are the prime factors of q?
2, 3
Let x be 9/((0 - 0) + 1). Suppose -3*l + 5*l - 6 = c, 3*l - x = -3*c. Suppose c = -y - 2 + 6. List the prime factors of y.
2
Let t be (-2)/4*10/(-1). Let h = 6 + -6. Suppose h = 2*c - 3*z - 10, -t*z = c + 13 - 5. What are the prime factors of c?
2
Suppose -c + 40 = c. Suppose -2*p - c = -5*k, 5*k - 6 + 1 = -p. List the prime factors of 10*1/(k/1).
5
Let o be 12 + (5 + -2)/3. Let d = -7 + o. List the prime factors of d.
2, 3
Suppose 10 = -4*z - 5*o, o - 3*o - 4 = -z. Let v(r) = -6*r. Let p be v(-1). Suppose z = -4*f + p*f - 16. What are the prime factors of f?
2
Let a(d) = 9*d + 9. Let l be a(9). Suppose -4*x = x - l. What are the prime factors of x?
2, 3
Suppose -3*s + 3*v = -15, 2 = -s + 4*v - 2. Suppose 4*t + 10 = -3*o + s*t, -10 = o - 3*t. List the prime factors of o.
2
Suppose 0 = -6*y - 3*y + 981. List the prime factors of y.
109
Let n(i) = -i**2 - 5*i + 6. Let s be n(-6). Let h be (s + 1)*3/3. Let f = h + 9. What are the prime factors of f?
2, 5
Let x(r) = -r**3 + 15*r**2 - 13*r - 7. List the prime factors of x(14).
7
Let o be 2/(-4)*0/(-4). Suppose o = -5*t - 4*j + 13, -2*j - 6 = -0. Suppose 3*g + 29 = 5*h, -2*h + 5 = -t*g + 1. What are the prime factors of h?
7
Suppose 2*q = 4*d - 270, 5*d - 335 = -3*q + 6*q. List the prime factors of d.
2, 5, 7
What are the prime factors of -7 - -2 - -3 - -22?
2, 5
Let s(t) = -2*t - 22. Let v be s(-11). Let n = -4 - -9. Suppose v*a = -n*a + 115. What are the prime factors of a?
23
Suppose -5 = -y - 0. Suppose 4*w - y*f = -13, 0*w + 3*w = -2*f + 19. Suppose -2*p = -w*p + 3*h, 5 = 2*p - h. What are the prime factors of p?
3
List the prime factors of (5 - 6)/((-3)/213).
71
Let d = 51 - 30. What are the prime factors of d - (-5 - -3) - -1?
2, 3
Let a(h) = -11*h + 5. List the prime factors of a(-3).
2, 19
Suppose h + 12 = 2*h. Suppose w = 4*w - h. Suppose 0 = 4*u - 20, i - w*u + 4 = -14. What are the prime factors of i?
2
List the prime factors of -3 + 4024/30 + (-4)/30.
131
Suppose -4*x = -30 + 6. Let b(s) = s**2 - 6*s + 2. Let n be b(x). Suppose 3*c - 2*y - 45 = 6, 0 = -n*c + 5*y + 34. List the prime factors of c.
17
Suppose n - c - 9 = 0, 28 - 6 = 2*n - 4*c. Let g be n/(14/48) + 0. Let h = -6 + g. List the prime factors of h.
2, 3
Let j(k) = -k**3 - k**2 - k - 20. Let c be j(0). What are the prime factors of ((-4)/(-6))/(c/(-1350))?
3, 5
Suppose 0 = 3*t - 59 - 79. Suppose 2*z + 4*r + t = -94, -2*r = 5*z + 382. List the prime factors of 4/(-6)*z/4.
13
Let n(c) = c**2 - 4. Let f(t) = t**3 - 5*t**2 - 6*t + 3. Let a be f(6). Let m be n(a). Let o = m + -2. List the prime factors of o.
3
Let l(v) = 3*v - 3. Let r(q) = -q**3 - 5*q**2 + 5*q - 4. Let h be r(-6). Suppose 0 = -t - h*t + 9. List the prime factors of l(t).
2, 3
Suppose 4*n - 5*z - 134 = 143, -5*n + 2*z = -325. List the prime factors of n.
3, 7
Suppose -6*v - 52 = -2*v. Let t = -2 - v. Suppose -t = -2*y - 1. What are the prime factors of y?
5
Let w(j) = -j**3 + 5*j**2 + 5*j + 1. Suppose 0 = x + 3*q - 15, x - 3*q = -2*x + 9. Let y be w(x). Let b = y - -8. List the prime factors of b.
3
Suppose 0 = -o + 22 - 5. What are the prime factors of o?
17
Let z = 355 + -184. List the prime factors of z.
3, 19
Suppose 0 = 4*g - 8*g + 172. List the prime factors of g.
43
Suppose 5*g + 91 = 6*g. List the prime factors of g.
7, 13
Let j(c) = -c - 21 + 2*c**2 - 21 + 42. List the prime factors of j(2).
2, 3
Suppose -3*q - 2*q + 10 = 0. Suppose 0*s + 2 = 2*s - q*f, -5*f + 2 = 2*s. Let d = s + 2. What are the prime factors of d?
3
Suppose 240 = 4*n + 4*b, 0 = 4*n - 2*b - 83 - 163. Let v = n - 41. List the prime factors of v.
2, 5
Suppose -6*t